0 + 129?
129
In base 16, what is 21 + -8?
19
In base 7, what is 360 + 3?
363
In base 8, what is -530 - 42?
-572
In base 15, what is -1 - -14c1?
14c0
In base 10, what is 0 + 19?
19
In base 11, what is 437 + 7?
443
In base 8, what is -1051 - -4?
-1045
In base 4, what is -2 + -10001?
-10003
In base 4, what is -11323 + 1?
-11322
In base 2, what is 1001010 + -110001?
11001
In base 15, what is 8 + 1a?
23
In base 14, what is -a06 + -3?
-a09
In base 6, what is 333 - -21?
354
In base 11, what is -15 - 31?
-46
In base 4, what is -101 + 11?
-30
In base 16, what is 1a2 + -2?
1a0
In base 7, what is -10 - -33?
23
In base 16, what is 220 + -3?
21d
In base 9, what is -778 - -3?
-775
In base 16, what is 19 - -54?
6d
In base 13, what is -20 - 0?
-20
In base 14, what is -cca3 - 3?
-cca6
In base 10, what is 6 - 433?
-427
In base 8, what is -111 + 2?
-107
In base 7, what is 66351 + -5?
66343
In base 8, what is 5302 - -2?
5304
In base 6, what is -4 - 5541?
-5545
In base 11, what is 23a + 5?
244
In base 5, what is 10 - 224?
-214
In base 9, what is 38 - -3?
42
In base 2, what is 10100 - -1110111110?
1111010010
In base 14, what is d05 - -5?
d0a
In base 14, what is -2b + 31?
4
In base 15, what is -1c8 + 0?
-1c8
In base 5, what is 2 + 3311?
3313
In base 7, what is 10 - -32?
42
In base 2, what is 101 + 10?
111
In base 16, what is -69 + 41?
-28
In base 8, what is 1 - -3570?
3571
In base 13, what is -24 + -b?
-32
In base 5, what is 3 - 130?
-122
In base 11, what is -355 + -5?
-35a
In base 14, what is -d - -1d3?
1c4
In base 3, what is -1101022 + -2?
-1101101
In base 10, what is -355 + -15?
-370
In base 13, what is 59 - c?
4a
In base 10, what is -4 - 54?
-58
In base 9, what is 22445 + -3?
22442
In base 4, what is -11 + 10020?
10003
In base 10, what is -3 - -82?
79
In base 13, what is 220 - 2?
21b
In base 10, what is -157 - -2?
-155
In base 12, what is 83 + -3?
80
In base 2, what is 11000000101 + 10?
11000000111
In base 3, what is -10122 - -112?
-10010
In base 14, what is -1 - -ab?
aa
In base 4, what is -30 + 10?
-20
In base 2, what is -101010111000 - 10?
-101010111010
In base 5, what is -121 + 11224?
11103
In base 8, what is 35 - 440?
-403
In base 11, what is -447 + 4?
-443
In base 12, what is 8 + -33?
-27
In base 11, what is 876 + -1?
875
In base 11, what is 92 - 16?
77
In base 8, what is 145 - 2?
143
In base 10, what is -2000 - 3?
-2003
In base 15, what is 39 - e?
2a
In base 8, what is 55260 + 5?
55265
In base 8, what is -6773 - -5?
-6766
In base 14, what is 12c + d?
13b
In base 14, what is -6 + 109?
103
In base 3, what is -11200 + 0?
-11200
In base 13, what is 0 - -3b?
3b
In base 15, what is -2 + 534?
532
In base 13, what is -b9 + 4?
-b5
In base 13, what is -424 + -12?
-436
In base 9, what is 35 + -2?
33
In base 13, what is -1a - -a?
-10
In base 14, what is -6 + -a7?
-ad
In base 11, what is 18 - 2?
16
In base 5, what is 1133 - 4?
1124
In base 15, what is -1 + -4a?
-4b
In base 10, what is 250 - -6?
256
In base 13, what is 5 + 94a?
952
In base 3, what is 11 + -20021?
-20010
In base 10, what is 9 + 17?
26
In base 2, what is -100 - -11011110011?
11011101111
In base 14, what is 1 - 37?
-36
In base 11, what is 0 + -211?
-211
In base 7, what is -32 - -21?
-11
In base 14, what is 920 - -1?
921
In base 16, what is fc - -4?
100
In base 13, what is 4c - 1?
4b
In base 4, what is 102023 - 10?
102013
In base 10, what is 2 + 7?
9
In base 2, what is 1011 - -10001100?
10010111
In base 11, what is 0 - 4897?
-4897
In base 5, what is 1110 - 1?
1104
In base 12, what is -18 + 566?
54a
In base 11, what is -1 + -213?
-214
In base 12, what is -145 + -5?
-14a
In base 10, what is 43 + -65?
-22
In base 7, what is 605 - 2?
603
In base 9, what is -5 - -1183?
1177
In base 8, what is -730 - 1?
-731
In base 6, what is 3311 - 11?
3300
In base 12, what is -6b3 + 0?
-6b3
In base 9, what is 2132 + -1?
2131
In base 3, what is 11110 + 11?
11121
In base 11, what is 4 + 115?
119
In base 14, what is -1a - 47?
-63
In base 12, what is 1bb + -5?
1b6
In base 15, what is 5 + -14?
-e
In base 6, what is -242 + 2?
-240
In base 6, what is -5 + -1053?
-1102
In base 4, what is -20 + 131202?
131122
In base 13, what is 115 + -21?
c4
In base 13, what is 38 + 0?
38
In base 6, what is 11 - 11?
0
In base 8, what is -1133 + -1?
-1134
In base 12, what is -22 - b?
-31
In base 12, what is 5 + a28?
a31
In base 8, what is 5 - 522?
-515
In base 8, what is 402 - -12?
414
In base 8, what is 0 - -146?
146
In base 10, what is -1328 - 8?
-1336
In base 16, what is -481 - 4?
-485
In base 11, what is 2 + -aaa?
-aa8
In base 10, what is -4 + 111?
107
In base 14, what is -3 + 777?
774
In base 2, what is -1 + 1110011?
1110010
In base 16, what is 2 - 7?
-5
In base 4, what is -33022 - 10?
-33032
In base 12, what is 119 - 1?
118
In base 3, what is 10 + 1202?
1212
In base 9, what is -556 + 5?
-551
In base 4, what is 121 - -200?
321
In base 4, what is -3 - -20230?
20221
In base 16, what is 1 + 90?
91
In base 4, what is 301 - -2?
303
In base 15, what is -453 + -2?
-455
In base 8, what is 453 - -60?
533
In base 10, what is 5 - 350?
-345
In base 7, what is -1 + 2231?
2230
In base 4, what is 10 - -32223?
32233
In base 15, what is 8 + -18?
-10
In base 6, what is 1123 + -4?
1115
In base 12, what is 5 - 3b1?
-3a8
In base 3, what is 1 + -121221?
-121220
In base 8, what is 50 + 0?
50
In base 10, what is 29 - 2?
27
In base 7, what is 54 - 166?
-112
In base 9, what is 3062 - -5?
3067
In base 10, what is -38 - -435?
397
In base 13, what is 2 - -1191?
1193
In base 12, what is 15 - 0?
15
In base 5, what is 2 - 1?
1
In base 7, what is -1113 - -3?
-1110
In base 5, what is 3 + 1224?
1232
In base 9, what is -131 + -2?
-133
In base 11, what is -3 - -27a6?
27a3
In base 5, what is -10 + 130?
120
In base 3, what is -1202221 - 1?
-1202222
In base 2, what is 11100 + 1010?
100110
In base 16, what is -8a - -2?
-88
In base 2, what is 101101 + -10?
101011
In base 9, what is -10 - 113?
-123
In base 14, what is -b59 + 4?
-b55
In base 3, what is 1 - 1112200?
-1112122
In base 2, what is -101 - 110000111?
-110001100
In base 15, what is -1 - -19?
18
In base 2, what is -110000 - -1001?
-100111
In base 7, what is -4 + 415?
411
In base 14, what is -4 - -9?
5
In base 2, what is -10101000001 - -110?
-10100111011
In base 2, what is -101 - 1011110000010?
-1011110000111
In base 10, what is 19 + -6?
13
In base 13, what is 138 - -5?
140
In base 6, what is -4 + -201?
-205
In base 10, what is -1 + -25?
-26
In base 9, what is -148 + 116?
-32
In base 4, what is -3030 - -13?
-3011
In base 3, what is -100 + -10001?
-10101
In base 9, what is -4 + 101?
86
In base 7, what is 3 + 2504?
2510
In base 12, what is -5 - -86?
81
In base 15, what is -34a + 0?
-34a
In base 7, what is -514 - 3?
-520
In base 13, what is 2c - 7c?
-50
In base 7, what is -33 - 150?
-213
In base 3, what is -111011 + -11?
-111022
In base 10, what is 7722 + -1?
7721
In base 11, what is 258 + 6?
263
In base 5, what is -11 + 2?
-4
In base 14, what is -4 + -26?
-2a
In base 8, what is -10 + -22?
-32
In base 6, what is 5 + -55?
-50
In base 5, what is -22 + 10?
-12
In base 3, what is -1 - -2100010?
2100002
In base 10, what is 2 + 981?
983
In base 12, what is -5 + 4a?
45
In base 4, what is -3 - 1023?
-1032
In base 4, what is 2333 + 0?
2333
In base 3, what is -110200 + 10?
-110120
In base 15, what is -9e + -9?
-a8
In base 4, what is 12222 + 1?
12223
In base 11, what is -3 - 222?
-225
In base 6, what is 4 + 3534?
3542
In base 15, what is 54 + -95?
-41
In base 6, what is 31 - -51?
122
In base 10, what is 28 - -2?
30
In base 10, what is 3 + -5?
-2
In base 6, what is 2 + -225?
-223
In base 10, what is -576 - -2?
-574
In base 14, what is -3 + -41?
-44
In base 15, what is -1 - 1e?
-20
In base 13, what is 5 + -b?
-6
In base 9, what is -57 + -7?
-65
In base 10, what is 1 + 255?
256
In base 3, what is 1212 - 11010?
-2021
In base 9, what is -62 + 2?
-60
In base 11, what is 1176 + -1?
1175
In base 16, what is -28e + 3?
-28b
In base 8, what is 65 - -7?
74
In base 10, what is 3 - 3828?
-3825
In base 12, what is 0 - -1?
1
In base 16, what is -1c3 + -1?
-1c4
In base 5, what is 0 - -20432?
20432
In base 8, what is -130 + -1?
-131
In base 12, what is -b + -480?
-48b
In base 11, what is -785 - 4?
-789
In base 3, what is 112 - 11010?
-10121
In base 16, what is